 Let t be v(-9). Let y(r) = -r**2 + 4*r - 4. Let m be y(4). Let a = t - m. Calculate the highest common divisor of 6 and a.
6
Suppose -4*m + 13*m - 18 = 0. What is the greatest common factor of 7 and m?
1
Let s(v) = -6*v - 4. Let j be s(-3). Suppose -2*z = -4*y - z - 33, y - 5*z + 13 = 0. Let q = y + j. What is the highest common divisor of 6 and q?
6
Suppose 3 = 3*y - 0*y + 4*a, 2*y + 4*a = -2. Calculate the highest common factor of 55 and y.
5
Let d = 3 - 0. Let h be (-5 + 1)*d/2. Let c = h + 10. What is the greatest common factor of 8 and c?
4
Suppose -2*g = -p + 3*g + 11, 0 = 2*p - g - 40. Suppose -3*n = 2*l - p, 0*l = -l - 4*n + 13. Calculate the highest common factor of l and 81.
9
Let f = -6 + 8. Let z be 395/6 - f/(-12). Calculate the highest common factor of 6 and z.
6
Suppose 0 = -4*t - 33 + 93. Calculate the greatest common factor of t and 120.
15
Suppose 3*k + 0*k = 75. Suppose i - 7 = 18. Suppose 6*g = g + i. What is the highest common divisor of k and g?
5
Let h = 14 - -4. Let l(f) be the first derivative of f**4/4 - 7*f**3/3 - 6*f**2 - 9*f + 1. Let n be l(9). What is the greatest common divisor of n and h?
9
Suppose -o = -6*o + 95. Let z = 16 + -4. Let y = o - z. What is the highest common factor of y and 63?
7
Let o = -71 + 149. What is the highest common factor of 13 and o?
13
Let c = 21 - 8. Let w be (2 - 2 - -39)*1. Suppose 2*z - w = -z. What is the greatest common factor of c and z?
13
Suppose 2*r - 2*h = -4, 0*r - 2 = -3*r + h. Let j be r/(180/(-91) - -2). Calculate the greatest common divisor of j and 13.
13
Suppose 2*o - 10 = -0*o. Suppose -o*w + 2*p - 6*p = -103, -4*p = -8. What is the highest common factor of w and 209?
19
Let f = 249 + -159. What is the greatest common divisor of 18 and f?
18
Let n = 60 + -56. Let m(i) = -i**3 + i**2 + 3*i + 2. Let o be m(-2). Calculate the highest common divisor of n and o.
4
Let t(y) = y**3 - 2*y**2 + 3. Let g be t(3). Suppose 2*j = -4*j + 48. What is the greatest common divisor of g and j?
4
Let p = 14 - 8. Suppose h = 20 - p. Let k = 107 + -93. What is the greatest common divisor of h and k?
14
Suppose -u + 3 + 7 = 3*c, 5*u = 5*c - 30. Suppose 19 - 7 = 3*r. Calculate the greatest common divisor of r and c.
4
Suppose 2*t - 5*n - 13 = 0, -t + 3*n - 3 + 10 = 0. What is the highest common factor of 12 and t?
4
Suppose 8 = 11*j - 3*j. What is the highest common divisor of j and 11?
1
Let a(j) = j**2 + 2*j - 5. Let t be a(-5). Let f = t - 0. Let c be (-25)/(-1)*8/f. What is the highest common divisor of 10 and c?
10
Let w = -13 - -17. Let c = w - -13. Calculate the highest common divisor of 51 and c.
17
Let d be (12 - 0) + 5/(-5). Suppose 0 = 3*h + 5*x - 35, 0 = 3*h + 3*x - 22 - d. What is the highest common factor of 60 and h?
10
Suppose -4*a + 72 = 5*k - 0*k, -4*a + 4*k + 72 = 0. Let d = 276 + 102. Suppose -4*u + d = -u. What is the highest common factor of a and u?
18
Let g = -4 + 6. Suppose -c = g*c - 36. Calculate the highest common factor of 30 and c.
6
Let h = 75 + -60. Calculate the greatest common factor of 20 and h.
5
Let l(h) = 2*h - 2. Let c be l(2). Calculate the greatest common factor of 6 and c.
2
Suppose 7*q = q + 24. Calculate the highest common factor of 36 and q.
4
Suppose -7*v + 118 = -2*v - 2*m, 2*v - 4*m = 44. Calculate the greatest common divisor of v and 8.
8
Suppose 4*w + 91 = 283. What is the greatest common divisor of 6 and w?
6
Suppose -24 = -5*k + 2*k. What is the greatest common divisor of k and 16?
8
Let d = 131 + -80. Suppose 7 = -f + d. Calculate the highest common divisor of 4 and f.
4
Let m be (-194)/(-18) - (-8)/36. Calculate the greatest common factor of 33 and m.
11
Suppose 0 = -67*t + 66*t + 1. Calculate the highest common factor of t and 3.
1
Suppose -2*n + 6 = 0, -b + 0*b - 5*n = -19. Calculate the greatest common divisor of 20 and b.
4
Let i be (6/(-9))/(2/(-33)). Let n = 41 - i. Calculate the highest common divisor of 10 and n.
10
Let a be 26/3 + (6 + 2)/24. What is the highest common divisor of 63 and a?
9
Let i = 66 + -30. Suppose -35 = -5*j + 5*l, -2*l = -2*j + 3*l + 26. Suppose -j*p = -30 - i. Calculate the highest common factor of p and 33.
11
Let a be 4/3*(-3)/2. Let r be (4 - a) + 1 + 0. Suppose -8*d + 84 = -2*d. Calculate the highest common divisor of r and d.
7
Let u = -165 + 282. Calculate the highest common factor of u and 13.
13
Suppose -8 = -2*q - 0*q. Let d = -4 + 6. Suppose d*m = 13 + 19. Calculate the highest common divisor of m and q.
4
Suppose 3*p - 2*p = 4. Let r = 167 - 83. Suppose 3*b + r = p*b. What is the highest common factor of 14 and b?
14
Let v = 21 - 41. Let b be ((-432)/30)/(6/v). What is the highest common factor of 120 and b?
24
Let j(y) = 2*y - 6*y + 3*y - 4. Let g be j(-4). Suppose -2*p + 19 = -0*p - 5*q, 2*p + 5*q + 11 = g. Calculate the greatest common factor of 2 and p.
2
Let t(v) = -v**2 + 14*v - 16. Let h be (3 + 3/(-2))*8. Let k be t(h). What is the highest common divisor of 56 and k?
8
Let y = 81 + -57. Calculate the highest common factor of y and 80.
8
Let h = 26 + -14. Calculate the greatest common divisor of h and 6.
6
Let y be 9 + (-2)/(-2)*0. Let r = 13 - y. What is the highest common divisor of 16 and r?
4
Let m(r) = 5*r**2 + 4 - 3 - 3*r + r + 3*r. Let i be m(2). Calculate the greatest common factor of 23 and i.
23
Suppose -7*d = -5*d. Let g be (d - 2) + 13 - -1. Calculate the highest common factor of 24 and g.
12
Suppose -4*k + 21 = l - 103, 0 = 5*k + 4*l - 166. Let x be 1*(0 + 2 - -1). Let h be (x/4)/(5/80). What is the greatest common divisor of h and k?
6
Suppose -3*v = -2*v - 27. Let g = 12 - v. Let p = -7 - g. Calculate the highest common factor of p and 32.
8
Let b be 1*-5*(-12)/10. Let k(u) = 4*u - 10. Let j(i) = -1. Let m(f) = -3*j(f) + k(f). Let l be m(b). What is the highest common divisor of l and 187?
17
Let z(i) be the second derivative of i**5/20 + i**4/2 + 2*i**3/3 + 3*i**2/2 - 3*i. Let r be z(-4). What is the greatest common factor of 114 and r?
19
Let z(c) = -3*c**3 - 2*c**2 + 2. Let n be z(-2). Calculate the greatest common factor of 45 and n.
9
Let d = 25 + -18. Suppose -3*t = -d*t + 264. What is the highest common divisor of t and 6?
6
Let p be (-12 - -11)*(1 + -12). What is the highest common factor of p and 88?
11
Suppose 4*k = -i + 32, 5*k - 115 = -7*i + 2*i. Calculate the highest common factor of i and 50.
10
Suppose -5*z + 42 = 4*b, -z - 28 = -b - b. What is the highest common factor of 39 and b?
13
Let b = -83 - -171. Calculate the greatest common divisor of 11 and b.
11
Let n = -10 - -19. Suppose -3*m + 88 = -155. Calculate the greatest common factor of n and m.
9
Let w be (-8)/(-28) + (-1074)/(-14). Calculate the highest common factor of 7 and w.
7
Let h be (-8 - -5)/3 + 7 + -3. Calculate the greatest common divisor of 9 and h.
3
Suppose 11*a = 12*a - 30. Calculate the greatest common factor of 10 and a.
10
Suppose z = -z + 10. Suppose 4*s - 8 = 5*v, s = 6*s - 5*v - 5. Let b = 2 - s. Calculate the highest common divisor of b and z.
5
Suppose 9*b - 4*a = 4*b + 30, 0 = 4*b + 2*a - 50. Let l = -9 + b. What is the greatest common divisor of l and 7?
1
Let b(q) = 2*q**2 - q - 13. Let v be b(10). Suppose 2*r = -27 + v. Calculate the greatest common divisor of r and 15.
15
Suppose -2*u = 2*u + 16, 4*t - 80 = 3*u. What is the greatest common divisor of t and 323?
17
Let j be (-16 + 3 - 0)*-1. What is the highest common divisor of 104 and j?
13
Let r(k) = 3*k**3 - 2*k**2 + 3*k - 1. Let p be r(2). What is the greatest common factor of p and 14?
7
Let z(y) = 1 - 3 - 7*y + 2. Let g be z(-1). Calculate the greatest common divisor of g and 28.
7
Let f(i) = -i + 8. Let u be f(4). Suppose -8 = 5*l - u*c - 40, -c = -2. Calculate the greatest common divisor of 8 and l.
8
Let v be (-8)/24 + 898/(-6). Let r = v + 370. Calculate the highest common divisor of r and 20.
20
Let k(f) = -f**3 - 11*f**2 + 11*f - 7. Let x be k(-12). Calculate the highest common factor of 5 and x.
5
Let k(a) = 6*a - 6. Let l be k(12). Let j(g) = g**3 - 4*g**2 + 3*g - 4. Let t be j(3). Let x = 10 + t. What is the greatest common factor of x and l?
6
Let v = 11 + -7. Let r = 11 + -8. Let k = r + v. Calculate the highest common factor of k and 1.
1
Let g = -4 + 7. Suppose 45 = g*r + 9. Calculate the highest common